when k(0) is divided by 7.
6
Let l be (-20)/(-6)*(6 - 3). Let r = l + 9. What is the remainder when 36 is divided by r?
17
Let s(o) be the first derivative of -o**3/3 - 7*o**2 - 14*o + 2. Calculate the remainder when 37 is divided by s(-12).
7
Suppose -v - 1 = -0. Let d(c) = 12*c**2 + 1. Calculate the remainder when 49 is divided by d(v).
10
Calculate the remainder when 56 - (-5 - -3 - 0) is divided by 15.
13
Let t(a) = -a - 8. Let f be t(-10). Suppose u + 3*u = -g + 24, 0 = -f*g + u + 3. What is the remainder when 5 is divided by g?
1
Let z = 1 + -2. Suppose 0 = 4*i + 4*j - 16, -2*i + j = -i - 10. Calculate the remainder when (-2)/(z*1/10) is divided by i.
6
Suppose -3*s + 26 = 5. Let n(w) = w**3 - 3*w**3 + 4*w**2 + s*w + w**3. Calculate the remainder when 28 is divided by n(5).
8
Let h = -21 + 24. Suppose -5*r = -20, 2*u - 2*r + 10 = h*r. Calculate the remainder when 1 + 0 - -13 - 0 is divided by u.
4
Suppose -3*k + 13 = -8. Suppose 56 = 4*i - 5*o, 3*i - 2*o - 65 = -4*o. Calculate the remainder when i is divided by k.
5
Suppose -5*i + 105 = -0*i. Let v = 30 - i. Calculate the remainder when 35 - -4*1/(-2) is divided by v.
6
Suppose -7*z = -3*z. Suppose z = -i + 3*i - 78. Calculate the remainder when i is divided by 14.
11
Let t(i) = i + 1. Let o be t(3). Suppose -3*v - v = -m - 7, -6 = -2*m + o*v. What is the remainder when m is divided by 5?
3
What is the remainder when 60/(-30) + 1 + (-31)/(-1) is divided by 6?
0
Suppose -4*w - 20 = 0, -y = -6*y - 2*w + 440. Calculate the remainder when y is divided by 31.
28
Let o(a) = -4*a**3 + 7*a**2 + 3*a - 3. Calculate the remainder when o(-2) is divided by 9.
6
Let y(o) = -o**3 - 4*o**2 + 6. Suppose 0*t - 33 = -3*t. What is the remainder when y(-5) is divided by t?
9
Let i = 7 + -7. Suppose -4*o + 0*o = i. Let s = 6 + o. Calculate the remainder when s is divided by 4.
2
What is the remainder when 87 is divided by 22/(-121) - (-664)/22?
27
Let k = 63 - 27. Let i = -26 - -39. What is the remainder when k is divided by i?
10
Suppose -z - 4 = -3*z. Suppose -4*l = 3*g + 14, -3*g = g + 2*l + z. Suppose -5*f = 25, -5*y + g*f = -39 - 66. What is the remainder when y is divided by 7?
5
Let c(b) = -b**3 - 2*b. What is the remainder when 35 is divided by c(-2)?
11
Suppose 7*v - 131 - 121 = 0. Calculate the remainder when v is divided by 5.
1
Let i = 368 + -261. Calculate the remainder when i is divided by 27.
26
Suppose -36 = -4*k + 4*z, 6*k = 4*k - z + 15. What is the remainder when 31 is divided by k?
7
Suppose -17 = -139*b + 138*b. Calculate the remainder when 28 is divided by b.
11
Let d(f) = -f**3 - 14*f**2 - 24*f + 9. Suppose -2*x + 3 = -3. What is the remainder when d(-12) is divided by x?
0
What is the remainder when 12 is divided by 35/5 + -1 - -2?
4
What is the remainder when -3*(845/(-15))/1 is divided by 43?
40
Let o(c) be the second derivative of 7*c**5/20 + c**3/6 + c. What is the remainder when 7/35 + (-74)/(-5) is divided by o(1)?
7
Suppose 5*y + 0*y + 5*j = 30, -2*y - j = -17. What is the remainder when y is divided by 7?
4
Suppose -1 - 5 = -3*q. Calculate the remainder when 6 is divided by 2/(-4)*-8 - q.
0
Let c = 5 - 2. Suppose d = c*d - 28. Suppose 0 = 5*u - 4*u - 41. Calculate the remainder when u is divided by d.
13
Let q = 55 - 30. Let i be 14/35 + 26/10. Calculate the remainder when q is divided by (i/(-6))/(2/(-36)).
7
Suppose y - 6*y = -25. What is the remainder when y is divided by 1?
0
Suppose -2*s = -a - 34, 0 = 3*s - 2*a - 26 - 23. Calculate the remainder when s is divided by 11.
8
Suppose -4*y + 7*y + 2*q - 368 = 0, 626 = 5*y - 3*q. Suppose -o = -5*o + y. Calculate the remainder when o is divided by 16.
15
What is the remainder when 61 is divided by (-4 + 0)*-4 + -3?
9
Suppose -2*s - 2 = -12. What is the remainder when (6/(-9))/((-2)/57) is divided by 4/(-10) - (-37)/s?
5
Let a = 6 - 2. Suppose -6*r = -139 - 17. Suppose a*b = r + 2. Calculate the remainder when 12 is divided by b.
5
Let k = -61 + 115. What is the remainder when k is divided by 7?
5
Suppose 0*x + 66 = 5*x + 4*o, 4*x = -o + 55. Suppose 8 = 7*b - 3*b. What is the remainder when (-26)/(-3 + b + 0) is divided by x?
12
Let z(i) = -13*i - 72. Suppose -3*d + 19 = 7. Calculate the remainder when z(-6) is divided by d.
2
Suppose -5*f = -7 - 38. Calculate the remainder when 15 is divided by f.
6
Let j be 2*10/(-12)*-3. Suppose 0 = -o + j*n + 25, 6*n = n - 10. Calculate the remainder when 28 is divided by o.
13
Let u(r) = -r**3 - 4*r**2 + 2*r - 7. Let t be u(-5). Suppose t*l - 120 = 5*l. What is the remainder when l is divided by 15?
10
Let v be (-3)/(-5) - 7/(-5). Let u be (9/(-6) + v)*52. Suppose j - 10 - u = 0. Calculate the remainder when j is divided by 19.
17
Let s be (-6)/(((-3)/5)/1). Let c(z) = z**2 - 5*z + 8. What is the remainder when c(s) is divided by 30?
28
Suppose -z - 1 = -2*z. Suppose 0 = -i - z + 5. Suppose i*b + 1 = 5*b. Calculate the remainder when 1 is divided by b.
0
Suppose 65 = 2*c - g + 8, -3*c + 5*g = -75. Suppose 0 = -2*o + 3*o - 88. Calculate the remainder when o is divided by c.
28
Let f be (-3)/(6/(-8) + 0). Suppose 0 = 2*b + 4*g + f, 3*g = -2*b. Calculate the remainder when b is divided by 4.
2
Let j(f) = f**2 - 1. Let g(y) = 5*y**2 - 3*y. Let v(r) = g(r) - 3*j(r). What is the remainder when v(-3) is divided by 8?
6
Suppose 3*u - 2 - 7 = 0. Suppose 0*l = u*l. Suppose l*v = 4*v - 48. What is the remainder when v is divided by 7?
5
Let u = 111 - 25. What is the remainder when u is divided by 22?
20
Let h(v) = v. Let x be h(2). Suppose -x*d = d - 6. Suppose 5*y = i - 43, 3*i - y = -d*y + 49. What is the remainder when i is divided by 10?
8
Let p(i) = -i**3 + 15*i**2 + 21*i - 38. What is the remainder when 118 is divided by p(16)?
34
Let l = 29 + -65. Let v = l + 66. What is the remainder when v is divided by 8?
6
Calculate the remainder when 36 is divided by -1*88/(-4) - 3.
17
Let w = -2 + 6. What is the remainder when w is divided by 2?
0
Calculate the remainder when 4 + -3 + 112 + 0 is divided by 38.
37
Suppose 5*u = 4*g + 101, 19 = 4*u - 2*g - 57. What is the remainder when -2 - 2/2 - -34 is divided by u?
14
Let f(x) = 2*x - 5. Let b be f(-5). Let n = b + 22. Calculate the remainder when 13 is divided by n.
6
Let p(t) = -2 + 11*t**2 - 4*t**2 + t**3 - 2. Let i = -3 + 14. Calculate the remainder when p(-6) is divided by i.
10
Suppose -10 = u - 3*u. Suppose 4*g - 198 = -u*w, 3*w - 4*w - 45 = -g. Calculate the remainder when g is divided by 12.
11
Suppose b - 4*m = 65, 5*m + 260 = 4*b + 22. What is the remainder when b is divided by 30?
27
Let x = 26 - -10. Suppose -5*d - 2*o + 119 - 18 = 0, 0 = d - 2*o - 13. What is the remainder when x is divided by d?
17
What is the remainder when ((-3)/(-2))/((-2)/(-4)) is divided by 3?
0
Suppose v - 18 = -2*q + 3, 0 = 2*v - 4*q - 42. Calculate the remainder when v is divided by 11 - (0/(-3) + -1).
9
Let z(v) = v**3 - 5*v**2 + 3*v + 4. Let y be z(3). Let k = -19 - -20. What is the remainder when 1/(-4) - y/4 is divided by k?
0
Suppose -4*l - 3*u = -138, 0 = 3*l + 5*u - 94 - 15. Calculate the remainder when l is divided by 6.
3
Let g be ((-6)/(-10))/((-5)/25). Calculate the remainder when 31 is divided by 33/(-1)*1/g.
9
Let i(j) = -j**3 + 9*j**2 - 6*j - 11. Let v be i(8). Suppose -5*b + 51 = -v*g - 49, -8 = 2*g. Calculate the remainder when 47 is divided by b.
15
Suppose 17 = -5*o - 3*f, -4*o - 5 = f + 3. Suppose -7 = -m + 27. What is the remainder when m is divided by 18*((-5)/(-3) + o)?
10
Let q(j) = j**2 - j. Let x be q(0). Suppose x*w - 12 = -w. Let v = 2 + 20. Calculate the remainder when v is divided by w.
10
Suppose 5*f + 5*h - 45 = 0, -2 = -f - 4*h + 4. Let q(i) = 3*i - 3. Let r(p) = -1. Let k(n) = -q(n) - r(n). What is the remainder when k(-8) is divided by f?
8
Calculate the remainder when (-6)/4*-2 - -118 is divided by 41.
39
Suppose 4*r = 6*r + 2*i + 4, -3*r - 4 = 4*i. Let q = 11 + r. Let a = -12 - -31. Calculate the remainder when a is divided by q.
5
Suppose -g - 1 = -3. Let h be (-130)/(-6) - g/(-6). Suppose 6 + h = 2*s. What is the remainder when 27 is divided by s?
13
Suppose 5*q - 130 = 5*k, -5*q - 3*k = -0*q - 98. What is the remainder when q is divided by 7?
1
Let b = -9 + 13. Suppose -f + b*f - 48 = 0. What is the remainder when 29 is di